, 29, 37
Let t = 448 - 422. Let y(i) = 2*i**2 - 42*i + 41. List the prime factors of y(t).
7, 43
Let h = 58 - 53. Suppose -5*q - t - 789 = -47, -5*q - 730 = h*t. Let m = -79 - q. List the prime factors of m.
2, 5, 7
Suppose -669787 = -57*k - 121447. What are the prime factors of k?
2, 5, 13, 37
Let i = -22 + 44. Suppose -2*f + 30 = i. List the prime factors of f/8 - (-234)/4 - 0.
59
Suppose -3*p = 3*v + 3, 2*p - p = -4. Let j(o) = 4*o - 3 + v*o + 3 - 9. List the prime factors of j(6).
3, 11
Suppose -5*v + 4 = 2*t - 10, 2 = t. Suppose 2*n = -i + 100 + 2851, -2*i = v. List the prime factors of n.
2, 3, 41
Suppose 22 - 2 = 4*q. Suppose 5*z = 3*f + 1747, -4*f + 331 = -4*z + q*z. List the prime factors of z.
347
Suppose -2*s - 146 = -5*c + 248, c - 752 = 4*s. Let x = s - -246. List the prime factors of x.
59
Let c(k) = 36*k - 66. Let j be c(2). List the prime factors of (j/42)/(-1) - (-4568)/28.
163
Suppose -3*g - 90 = -4*v - 5*g, 0 = -3*g - 3. Suppose 12*q - v - 157 = 0. Suppose 22*u - 1848 = q*u. List the prime factors of u.
2, 3, 11
Let m(l) = -3*l**2 - 8*l - 45. Let p be m(11). Let b = -352 - p. List the prime factors of b.
2, 3
Suppose 2*x = -4*q + 24512, -9*q - 61335 = -5*x - 8*q. What are the prime factors of x?
2, 6133
Let r(p) = 12591*p**2 + 211*p + 211. What are the prime factors of r(-1)?
3, 1399
Suppose 551*y - 546*y - 5 = 0. List the prime factors of -10 + (7 - y) - -215.
211
Let b(d) = -4*d**2 + 72*d + 33. Let v be b(18). Suppose 51658 = 13*l + v*l. What are the prime factors of l?
1123
List the prime factors of (89 - 83)*3489/2.
3, 1163
Let s(n) = 4*n**2 - 5*n - 128. Suppose 0 = 3*a - 21 + 63. What are the prime factors of s(a)?
2, 3, 11
Let q = -5759 + 7101. List the prime factors of q.
2, 11, 61
Let l(k) = -k**3 - 8*k**2 + 16*k + 15. Let r be l(-10). Suppose -612 = -r*g + 49*g. List the prime factors of g.
2, 3, 17
Let p(m) = 89585*m**3 + 7*m**2 - m + 6. What are the prime factors of p(1)?
89597
Suppose -5*m + m + w + 10 = 0, 4*m - 4*w = 4. Suppose 5*u = -3*d + 4*d - 154, u = -m*d + 526. List the prime factors of d.
2, 3, 29
Suppose 0 = 4*f - 4*g - 1124, -g = 7*f - 9*f + 559. Let n = 93 + f. List the prime factors of n.
7, 53
Let v(k) = 20*k**2 + 212*k + 974. List the prime factors of v(57).
2, 39019
Suppose -2*n - 3*n + 5*j + 20390 = 0, -5*n - 5*j + 20340 = 0. Suppose -2*o + n = 1279. What are the prime factors of o?
11, 127
Let p(z) = -3*z**2 + 18*z + 22. Let h(q) = -q**2 + 1. Let u(a) = 4*h(a) - p(a). Let m be u(-12). Suppose m = 3*s - 180. What are the prime factors of s?
2, 3, 13
Suppose -2858*h + 2865*h = 82509. List the prime factors of h.
3, 3929
Suppose 0 = 2*k + 2*c - 13062, -2*k = -5*c - 3008 - 10075. List the prime factors of k.
2, 3, 11
Let p = 1236 - 750. List the prime factors of p.
2, 3
Suppose 14*w = 4978 + 14454. List the prime factors of w.
2, 347
Suppose -16 = 2*k - 30. Let u be (k - 1)*1*(-5)/15. List the prime factors of (u - (-36)/(-10))/((-14)/455).
2, 7, 13
Let o = -63938 - -98797. What are the prime factors of o?
11, 3169
Let c be 905/2*(-148)/(-185). Let g = c - 307. List the prime factors of g.
5, 11
Let l = -527 - -890. Suppose k + l = p, 6*k - 3*k + 1811 = 5*p. What are the prime factors of p?
19
Let b = -4390 + 36992. List the prime factors of b.
2, 16301
What are the prime factors of (105 - 11)/(3/291)?
2, 47, 97
Let s(p) = 31*p**2 - 7*p - 16. Let j be s(-2). Suppose c = -5*i - c + 305, 2*i - j = -4*c. What are the prime factors of i?
61
Suppose 5*p + 451 = -859. Let f = p + 316. What are the prime factors of f?
2, 3
Suppose 0 = -4*p - 4*j - 386 - 2474, -5*j + 1451 = -2*p. Let i = p - -1633. List the prime factors of i.
3, 5, 61
Let i = -53 + 24. Let f = 49 + i. What are the prime factors of f/(-40) - (-105)/2?
2, 13
Let b = -2 + 17. Suppose -12*x = -b*x - 6. What are the prime factors of (128/x + -3)*-1?
67
Let p = -7443 - -12293. Suppose -p = -23*w + 13*w. What are the prime factors of w?
5, 97
Let z(x) = -2*x**3 - 41*x**2 - 25*x + 105. List the prime factors of z(-28).
5, 7, 359
Let u(z) = 1. Let p(o) = 20*o - 8. Let g(q) = -p(q) + 3*u(q). Suppose -5*f + 2*k = 8, -4*k - 1 = -f + 1. What are the prime factors of g(f)?
3, 17
Let u be (1/3)/((-8)/(-120)). Suppose 3 - 14 = -5*t - 4*f, -5*f = u. Suppose 5*i = -2*z + 580, 0 = 4*i - t*z + 2*z - 464. What are the prime factors of i?
2, 29
Let u = 106 + 5. Suppose 4*v = 887 - u. List the prime factors of v.
2, 97
Let y = 133 + -128. Suppose 4*m - 64 = -2*w, y*w - 3*m = 158 + 2. What are the prime factors of w?
2
Suppose -2*j = -2*z + 2*j + 106, 5*z - 5*j - 270 = 0. Let q = z - 52. Suppose -4*b - 143 = -q*y, 5*y = 4*b - 82 + 307. List the prime factors of y.
41
Suppose -2 = 5*f + v, -2 = -3*f - 5*v - 12. Suppose 51*a - 45*a - 2394 = f. What are the prime factors of a?
3, 7, 19
Let x(m) = 6367*m**3 - 3*m**2 - 37*m + 40. List the prime factors of x(1).
6367
Suppose -5*h + 9 = -1. Let t(k) = -2*k + 4 + 10*k**2 + 6*k**3 - 30*k**2 + 16*k**h. What are the prime factors of t(2)?
2
Suppose -4*o = 2*o - 48. Suppose 5*g - o*g = -1041. Suppose -868 = -9*c + g. List the prime factors of c.
3, 5
Let z be (625/50)/(1/2). Suppose 3*t + 293 = 3*g - 178, -5*t = z. List the prime factors of g.
2, 19
What are the prime factors of 52/((-264942)/(-24084) - (-66)/(-6))?
2, 3, 13, 223
Let q be 20/15*(37/4 + -4). Suppose q*z - 627 - 255 = 0. List the prime factors of z.
2, 3, 7
Let o = 6026 - 2779. List the prime factors of o.
17, 191
Let a = -36142 + 76082. What are the prime factors of a?
2, 5, 1997
Suppose 0 = -115*m + 1063866 + 2628669. List the prime factors of m.
3, 7, 11, 139
Let r = -720 + 1031. Let x = r + -179. List the prime factors of 0 + 1 + (x - -11).
2, 3
What are the prime factors of (15 - 5) + 283160/(-180)*-9?
2, 7, 11, 23
Let j = 29040 + -21966. List the prime factors of j.
2, 3, 131
Suppose 4*r = -2*s + 6 + 10, 0 = -3*s - 3*r + 18. List the prime factors of (s/(-6))/((-2163)/(-2169) + -1).
241
Suppose 2*t = 2674 - 456. Suppose 2*q - t = 365. Suppose -5*h = -x + 149, -4*x - 69 = 4*h - q. List the prime factors of x.
2, 41
Let r = 60 - 48. Suppose -11*b + r*b = -153. Let h = 337 + b. What are the prime factors of h?
2, 23
Let m be 116/(-174) - (-2*1)/(-6). Let r(t) = -232*t + 20. What are the prime factors of r(m)?
2, 3, 7
Let q(b) = 7753*b**2 + 14*b + 2. List the prime factors of q(-1).
7741
Let k = 125 - 117. Suppose -3*c = k*c - 5973. What are the prime factors of c?
3, 181
Suppose 0 = -131*o + 263*o - 3053028. List the prime factors of o.
101, 229
Suppose -2*y + 31243 - 38188 = -144279. What are the prime factors of y?
3, 47, 487
Let l = 29 - 37. Let u be l/(-2) - (4 - 204). Suppose -4*j + u = 2*j. List the prime factors of j.
2, 17
Suppose 4*d - 40*g - 52791 = -35*g, -4*d - g + 52749 = 0. What are the prime factors of d?
11, 109
Let b be 0*((-2)/12)/((-9)/(-27)). Suppose -4*u + 5*v + b*v + 709 = 0, -4*u - v + 703 = 0. Let z = u - 120. List the prime factors of z.
2, 7
Let x(u) = 6*u**2 - 242*u + 2070. What are the prime factors of x(91)?
2, 14867
Let b(j) = -2*j + 16. Let g be b(0). Suppose 2*y - 5*f = 622, -17*y + g*y + 313 = -2*f. List the prime factors of y.
3, 107
Let t(b) = 6*b**2 + 2*b + 21. Let j(i) = -4*i**2 - i - 14. Suppose -13 + 38 = -5*g, -3*y + g = 19. Let x(u) = y*j(u) - 5*t(u). List the prime factors of x(5).
47
Suppose 3*w = i + 10*w - 14565, 2*w - 43790 = -3*i. List the prime factors of i.
2, 5, 73
Suppose 189 = -45*a - 126. List the prime factors of 225 + (8 - (-56)/a).
3, 5
Suppose 0 = 4*f + f - 65. Let d be 1*11*(-12 + f). List the prime factors of d/((-22)/(-172))*(-3)/(-2).
3, 43
Let y = -58 + 71. What are the prime factors of ((-730)/4)/((-9)/(y - -5))?
5, 73
Suppose 16*u = 20*u - 108. Suppose 30*s - u*s = 2316. List the prime factors of s.
2, 193
Let d be (-4)/6 + ((-298)/(-6) - 2). Suppose -2486 = -d*o + 35584. What are the prime factors of o?
2, 3, 5
Suppose 9*p + 2 = 8*p. Let g be (3/(60/(-16)))/(p/5). Suppose q - g*q + 71 = 0. List the prime factors of q.
71
Let o(y) = 15*y**3 - 199*y**2 - 62*y + 70. Let d(i) = -5*i**3 + 66*i**2 + 21*i - 24. Let p(z) = 11*d(z) + 4*o(z). What are the prime factors of p(15)?
2, 443
Let r = -52 + 218. Let i be 4 - (4 - r - 3). Suppose x = i - 12. List the prime factors of x.
157
Suppose g + 5*c 